{"id":84,"date":"2018-10-11T17:04:23","date_gmt":"2018-10-11T15:04:23","guid":{"rendered":"https:\/\/kuehlanalyse.de\/wp2018\/?page_id=84"},"modified":"2018-10-11T18:02:05","modified_gmt":"2018-10-11T16:02:05","slug":"climacheck-messungen","status":"publish","type":"page","link":"https:\/\/kuehlanalyse.de\/index.php\/climacheck-messungen\/","title":{"rendered":"ClimaCheck Messungen"},"content":{"rendered":"<h2>Liefern zuverl\u00e4ssige und detailierte Daten f\u00fcr Bewertung\u00a0:<strong><br \/>\n<\/strong><\/h2>\n<ul>\n<li>der Expansionsventilfunktion<img loading=\"lazy\" class=\"alignright size-full wp-image-187\" src=\"https:\/\/kuehlanalyse.de\/wp2018\/wp-content\/uploads\/Messungen1.jpg\" alt=\"\" width=\"125\" height=\"192\" \/><\/li>\n<li>der pr\u00e4zisen K\u00e4ltemittelf\u00fcllung<\/li>\n<li>der Kompressoreffizienz<\/li>\n<li>der Bewertung der W\u00e4rmetauscherleistung und der Sekund\u00e4rstr\u00f6mungen<\/li>\n<li>der \u00dcberpr\u00fcfung der Regelfunktionen und Schutz des Systems<\/li>\n<\/ul>\n<h2>Bewertung der Performance durch:<\/h2>\n<ul>\n<li>die K\u00e4lteleistung<\/li>\n<li>die Heizleistung<\/li>\n<li>Volumenstrom bzw.\u00a0Massenstrom des K\u00e4ltemittels<\/li>\n<li>COP \/ EER<\/li>\n<li>Elektrische Leistungen<\/li>\n<\/ul>\n<h2>Notwendige Messungen<\/h2>\n<p>F\u00fcr die Messung und Bewertung eines normalen Standardk\u00e4lteprozesses sind folgende Messung notwendig:<\/p>\n<p><img loading=\"lazy\" class=\"alignleft size-full wp-image-188\" src=\"https:\/\/kuehlanalyse.de\/wp2018\/wp-content\/uploads\/Messungen2.jpg\" alt=\"\" width=\"606\" height=\"219\" srcset=\"https:\/\/kuehlanalyse.de\/wp-content\/uploads\/Messungen2.jpg 606w, https:\/\/kuehlanalyse.de\/wp-content\/uploads\/Messungen2-300x108.jpg 300w\" sizes=\"(max-width: 606px) 100vw, 606px\" \/><\/p>\n","protected":false},"excerpt":{"rendered":"<p>Liefern zuverl\u00e4ssige und detailierte Daten f\u00fcr Bewertung\u00a0: der Expansionsventilfunktion der pr\u00e4zisen K\u00e4ltemittelf\u00fcllung der Kompressoreffizienz der Bewertung der W\u00e4rmetauscherleistung und der&hellip;<\/p>\n","protected":false},"author":1,"featured_media":0,"parent":0,"menu_order":0,"comment_status":"closed","ping_status":"closed","template":"","meta":[],"_links":{"self":[{"href":"https:\/\/kuehlanalyse.de\/index.php\/wp-json\/wp\/v2\/pages\/84"}],"collection":[{"href":"https:\/\/kuehlanalyse.de\/index.php\/wp-json\/wp\/v2\/pages"}],"about":[{"href":"https:\/\/kuehlanalyse.de\/index.php\/wp-json\/wp\/v2\/types\/page"}],"author":[{"embeddable":true,"href":"https:\/\/kuehlanalyse.de\/index.php\/wp-json\/wp\/v2\/users\/1"}],"replies":[{"embeddable":true,"href":"https:\/\/kuehlanalyse.de\/index.php\/wp-json\/wp\/v2\/comments?post=84"}],"version-history":[{"count":4,"href":"https:\/\/kuehlanalyse.de\/index.php\/wp-json\/wp\/v2\/pages\/84\/revisions"}],"predecessor-version":[{"id":191,"href":"https:\/\/kuehlanalyse.de\/index.php\/wp-json\/wp\/v2\/pages\/84\/revisions\/191"}],"wp:attachment":[{"href":"https:\/\/kuehlanalyse.de\/index.php\/wp-json\/wp\/v2\/media?parent=84"}],"curies":[{"name":"wp","href":"https:\/\/api.w.org\/{rel}","templated":true}]}}