{"id":112,"date":"2018-10-11T17:07:05","date_gmt":"2018-10-11T15:07:05","guid":{"rendered":"https:\/\/kuehlanalyse.de\/wp2018\/?page_id=112"},"modified":"2018-10-12T09:33:54","modified_gmt":"2018-10-12T07:33:54","slug":"schulungen","status":"publish","type":"page","link":"https:\/\/kuehlanalyse.de\/index.php\/schulungen\/","title":{"rendered":"Schulungen"},"content":{"rendered":"<p>K\u00fchlanalyse bietet f\u00fcr Sie und\u00a0Ihre Mitarbeiter gerne Schulungen zu folgenden k\u00e4ltetechnischen Themeninhalten an:<\/p>\n<p><img loading=\"lazy\" class=\"size-full wp-image-236 alignnone\" src=\"https:\/\/kuehlanalyse.de\/wp2018\/wp-content\/uploads\/schul1.png\" alt=\"\" width=\"605\" height=\"78\" srcset=\"https:\/\/kuehlanalyse.de\/wp-content\/uploads\/schul1.png 605w, https:\/\/kuehlanalyse.de\/wp-content\/uploads\/schul1-300x39.png 300w\" sizes=\"(max-width: 605px) 100vw, 605px\" \/><\/p>\n<h2>ClimaCheck- Tagesschulungen<\/h2>\n<p><strong>Mit der Schulung erhalten die Anwender<\/strong> die notwendigen Kenntnisse um das Ger\u00e4t sicher an die verschiedensten Arten von K\u00e4lteanlagen sicher und fachlich korrekt anzuschlie\u00dfen. In der Schulung werden ebenfalls wichtige thermodynamische, sicherheitstechnische und messtechnische Hintergrundinformationen vermittelt.<\/p>\n<p><img loading=\"lazy\" class=\"alignright size-full wp-image-235\" src=\"https:\/\/kuehlanalyse.de\/wp2018\/wp-content\/uploads\/schul2.png\" alt=\"\" width=\"247\" height=\"257\" \/><strong>Folgende Leistungen sind beinhaltet:<\/strong><\/p>\n<ul>\n<li>sicherer Umgang mit dem Performance Analyser<\/li>\n<li>Aufbau und Vorbereitung der Anlagenanalyse<\/li>\n<li>Auswahl und Installation der Messpunkte<\/li>\n<li>Einlesen von Templates und Datenquellen<\/li>\n<li>Installation und Einstellung des Leistungsmessger\u00e4tes EP Pro Scout<\/li>\n<li>Deuten der Messergebnisse<\/li>\n<li>grafisches Darstellen der Messwerte im zeitlichen Verlauf<\/li>\n<li>Durchf\u00fchren von \u00c4nderungen im Template<\/li>\n<li>Anpassung der Datenquelle bei \u00c4nderungen im Templates<\/li>\n<li>Datenspeicher des PA Pro III aktivieren, auslesen und l\u00f6schen<\/li>\n<\/ul>\n<p>Sie erhalten ein entsprechendes Schulungsskript als Printout.<\/p>\n<p>K\u00fchlanalyse bietet f\u00fcr Sie und\u00a0Ihre Mitarbeiter gerne auch Schulungen zu grundlegenden k\u00e4ltetechnischen Themeninhalten an:<\/p>\n<ul>\n<li>Theorie zur inneren Methode von ClimaCheck<\/li>\n<li>Durchf\u00fchrung von Messungen an K\u00e4lte- und Klimaanlagen<\/li>\n<li>Fehlersuche mit typischen Praxisbeispielen<\/li>\n<li>Anlagenbewertungen<\/li>\n<li>Systemanalysen von k\u00e4ltetechnischen Anlagen<\/li>\n<li>Bewertung von Verdichtern<\/li>\n<li>Bewertung von W\u00e4rmetauschern<\/li>\n<li>Statistisches \u00fcber K\u00e4lteanlagen<\/li>\n<li>Optimierungen von K\u00e4lteanlagen<\/li>\n<li>Optimierung von Kaltwassernetzen<\/li>\n<\/ul>\n<p><strong>Bitte sprechen Sie mit uns, zur Abstimmung der individuellen Trainingsinhalte.<\/strong><\/p>\n","protected":false},"excerpt":{"rendered":"<p>K\u00fchlanalyse bietet f\u00fcr Sie und\u00a0Ihre Mitarbeiter gerne Schulungen zu folgenden k\u00e4ltetechnischen Themeninhalten an: ClimaCheck- Tagesschulungen Mit der Schulung erhalten die&hellip;<\/p>\n","protected":false},"author":1,"featured_media":0,"parent":0,"menu_order":0,"comment_status":"closed","ping_status":"closed","template":"","meta":[],"_links":{"self":[{"href":"https:\/\/kuehlanalyse.de\/index.php\/wp-json\/wp\/v2\/pages\/112"}],"collection":[{"href":"https:\/\/kuehlanalyse.de\/index.php\/wp-json\/wp\/v2\/pages"}],"about":[{"href":"https:\/\/kuehlanalyse.de\/index.php\/wp-json\/wp\/v2\/types\/page"}],"author":[{"embeddable":true,"href":"https:\/\/kuehlanalyse.de\/index.php\/wp-json\/wp\/v2\/users\/1"}],"replies":[{"embeddable":true,"href":"https:\/\/kuehlanalyse.de\/index.php\/wp-json\/wp\/v2\/comments?post=112"}],"version-history":[{"count":4,"href":"https:\/\/kuehlanalyse.de\/index.php\/wp-json\/wp\/v2\/pages\/112\/revisions"}],"predecessor-version":[{"id":238,"href":"https:\/\/kuehlanalyse.de\/index.php\/wp-json\/wp\/v2\/pages\/112\/revisions\/238"}],"wp:attachment":[{"href":"https:\/\/kuehlanalyse.de\/index.php\/wp-json\/wp\/v2\/media?parent=112"}],"curies":[{"name":"wp","href":"https:\/\/api.w.org\/{rel}","templated":true}]}}