{"id":108,"date":"2018-10-11T17:06:55","date_gmt":"2018-10-11T15:06:55","guid":{"rendered":"https:\/\/kuehlanalyse.de\/wp2018\/?page_id=108"},"modified":"2018-10-14T15:16:08","modified_gmt":"2018-10-14T13:16:08","slug":"analyse","status":"publish","type":"page","link":"https:\/\/kuehlanalyse.de\/index.php\/analyse\/","title":{"rendered":"Analyse"},"content":{"rendered":"<p>Allgemein gesagt: Eine Analyse ist eine systematische Untersuchung. Die zu untersuchende Anlage\u00a0oder das\u00a0Ger\u00e4t, wird dabei entsprechend dem Auftrag gedanklich in verschiedene Messobjekte zerlegt. Anschlie\u00dfend\u00a0werden diese geordnet, untersucht und ausgewertet. Dabei darf\u00a0die Vernetzung der einzelnen Elemente und deren Integration in die Anlage nicht au\u00dfer Acht gelassen werden.<\/p>\n<h2>Analyse von k\u00e4ltetechnischen Anlagen<\/h2>\n<p><strong>Hier unsere grunds\u00e4tzliche Vorgehensweise<\/strong><\/p>\n<ol>\n<li>Analyse der inneren Lasten und deren gezielte Senkung<\/li>\n<li>Analyse der ben\u00f6tigten Luftmassen- bzw. volumenstr\u00f6me und deren gezielte Senkung auf das notwendige Ma\u00df zur Aufrechterhaltung des Komforts und der Geb\u00e4udefunktion<\/li>\n<li>Datenerfassung der K\u00e4ltemaschinen \/ Kaltwassers\u00e4tze per Checkliste<\/li>\n<li>Messtechnische Erfassung der k\u00e4ltetechnischen System &#8211; Kaltwassers\u00e4tze<\/li>\n<li>Auswertung \/ Analyse der erfassten Daten<\/li>\n<li>Simulation der Anlage im Jahresverlauf zur Ermittlung einer Baseline<\/li>\n<li>Erstellung eines Ma\u00dfnahmenkatalogs \u00fcber vorgeschlagene Energieeinsparma\u00dfnahmen<\/li>\n<li>Erstellung des Abschlussberichts<\/li>\n<li>Installation des ClimaCheck \u2013 Systems zur automatischen \u00dcberwachung der K\u00e4lteanlagen und Sicherstellung der Anlageneffizienz und der Energieeinsparung<\/li>\n<li>Implementierung der Ma\u00dfnahmen<\/li>\n<li>\u00dcberwachung der erfolgreichen Durchf\u00fchrung der Ma\u00dfnahmen mit Erstellung eines Berichts<\/li>\n<li>Schulung der Mitarbeiter<\/li>\n<li>Kontinuierlicher \u00dcberwachungs- und Verbesserungsprozess auf der Basis der tats\u00e4chlich t\u00e4glich gemessenen Daten<\/li>\n<\/ol>\n<p><img loading=\"lazy\" class=\"alignnone size-full wp-image-228\" src=\"https:\/\/kuehlanalyse.de\/wp2018\/wp-content\/uploads\/Analyse2.jpg\" alt=\"\" width=\"1072\" height=\"448\" srcset=\"https:\/\/kuehlanalyse.de\/wp-content\/uploads\/Analyse2.jpg 1072w, https:\/\/kuehlanalyse.de\/wp-content\/uploads\/Analyse2-300x125.jpg 300w, https:\/\/kuehlanalyse.de\/wp-content\/uploads\/Analyse2-768x321.jpg 768w, https:\/\/kuehlanalyse.de\/wp-content\/uploads\/Analyse2-1024x428.jpg 1024w\" sizes=\"(max-width: 1072px) 100vw, 1072px\" \/><\/p>\n<p>Die messtechnische Datenerfassung erfolgt mit\u00a0der\u00a0&#8220;Internen\u00a0Methode &#8221; von\u00a0ClimaCheck. Bei Bedarf werden weitere Zweitmessungen zeitgleich\u00a0durchgef\u00fchrt. Dies k\u00f6nnen zum Beispiel bei W\u00e4rmepumpen oder Kaltwassernetzen wasserseitige Messungen sein, wo\u00a0weitere wichtige Anlagenparameter\u00a0wie Vor- und R\u00fccklauftemperaturen, Massen- und Volumenstr\u00f6me und Heiz- und K\u00e4lteleistungen gemessen werden.<\/p>\n<p><img loading=\"lazy\" class=\"alignright wp-image-227 size-medium\" src=\"https:\/\/kuehlanalyse.de\/wp2018\/wp-content\/uploads\/Analyse1-300x199.jpg\" alt=\"\" width=\"300\" height=\"199\" srcset=\"https:\/\/kuehlanalyse.de\/wp-content\/uploads\/Analyse1-300x199.jpg 300w, https:\/\/kuehlanalyse.de\/wp-content\/uploads\/Analyse1-768x509.jpg 768w, https:\/\/kuehlanalyse.de\/wp-content\/uploads\/Analyse1.jpg 922w\" sizes=\"(max-width: 300px) 100vw, 300px\" \/>Eine wichtige\u00a0Phase der Auswertung nach der eigentlichen Datenerfassung ist die\u00a0anschlie\u00dfende Sichtung und Interpretation der gesammelten Daten. Das Ziel einer solchen Analyse ist h\u00e4ufig die Feststellung des Leistungs-Ist-Zustandes der Anlage. H\u00e4ufig soll mit diesen Daten auch eine\u00a0Ursachenanalyse des\u00a0Ist-Zustandes vorgenommen werden.<\/p>\n<p>Die Ist-Zustandsanalyse\u00a0ist meist\u00a0ein erster wichtiger und notwendiger\u00a0Schritt, um bestehende Probleme zu l\u00f6sen oder eine Anlage zu optimieren. Die verwendeten\u00a0Methoden haben auch messtechnische\u00a0Grenzen.<strong>\u00a0<\/strong><\/p>\n<p><strong>Kontaktieren Sie uns.\u00a0<\/strong><\/p>\n<p>Die Firma K\u00fchlAnalyse ber\u00e4t Sie gerne bei der Bew\u00e4ltigung Ihrer messtechnischen Herausforderungen.<\/p>\n<h2>Analyse von RLT-Anlagen<\/h2>\n<p><strong>Allgemeines<\/strong><\/p>\n<p>Es besteht die M\u00f6glichkeit zentrale raumlufttechnische Anlagen tiefgr\u00fcndig unter zur Hilfenahme von Messtechnik zu analysieren. Hierbei werden die Funktion und Effizienz der einzelnen Anlagenbauteile systematisch untersucht. Die Praxis zeigt, dass ohne genaue Untersuchung der einzelnen Anlagenbauteile eine energetische Gesamtbewertung zwar m\u00f6glich ist, aber eine Optimierung der Anlage nur schwer zu realisieren ist.<\/p>\n<p>Lesen bitte in die Beschreibungen der einzelner Analysem\u00f6glichkeiten sowie einiger Beispiele aus der Praxis&#8230;<\/p>\n<p><strong>Bewertung der Ventilatoren:<\/strong><\/p>\n<p><img loading=\"lazy\" class=\"size-full wp-image-223 alignnone\" src=\"https:\/\/kuehlanalyse.de\/wp2018\/wp-content\/uploads\/Analyse3.jpg\" alt=\"\" width=\"400\" height=\"300\" srcset=\"https:\/\/kuehlanalyse.de\/wp-content\/uploads\/Analyse3.jpg 400w, https:\/\/kuehlanalyse.de\/wp-content\/uploads\/Analyse3-300x225.jpg 300w\" sizes=\"(max-width: 400px) 100vw, 400px\" \/><\/p>\n<p>Zur Analyse Ihrer Zuluft- und Abluftventilatoren ben\u00f6tigen Sie folgende Messwerte und \u00a0Angaben:<\/p>\n<ul style=\"list-style-type: circle;\">\n<li>elektrische Leistungsaufnahme des Ventilators<\/li>\n<li>statische Druckdifferenz des Ventilators<\/li>\n<li>K-Wert des Ventilators<\/li>\n<\/ul>\n<p>Sie erhalten folgende Auswertungen:<\/p>\n<ul style=\"list-style-type: circle;\">\n<li>spezifische Ventilatorleistung<\/li>\n<li>Wirkungsgrad des Ventilators<\/li>\n<\/ul>\n<p><strong>Messbeispiel:<\/strong><\/p>\n<p><img loading=\"lazy\" class=\"alignright size-full wp-image-224\" src=\"https:\/\/kuehlanalyse.de\/wp2018\/wp-content\/uploads\/Analyse4.jpg\" alt=\"\" width=\"339\" height=\"142\" srcset=\"https:\/\/kuehlanalyse.de\/wp-content\/uploads\/Analyse4.jpg 339w, https:\/\/kuehlanalyse.de\/wp-content\/uploads\/Analyse4-300x126.jpg 300w\" sizes=\"(max-width: 339px) 100vw, 339px\" \/>Die diese zwei Messergebnisse zeigen deutliche Abweichungen. Durch den Einsatz\u00a0der moderner Ventilatortechnik lassen\u00a0die spezifischen Ventilatorleistungen deutlich senken und Wirkungsgrade deutlich steigern.<\/p>\n<p>In diesem Falle haben die Ventilatoren folgende Klassifizierungen.<br \/>\n<strong>Ventilator linkes Bild\u00a0<\/strong>: \u00a0\u00a0\u00a0 spezifische Ventilatorleistung &#8211;&gt; SPF4<br \/>\n<strong>Ventilator rechtes Bild\u00a0<\/strong>: \u00a0spezifische Ventilatorleistung &#8211;&gt; SPF3<\/p>\n<p><strong>Hinweis:\u00a0<\/strong>Die Widerst\u00e4nde in Innenger\u00e4t und Kanalnetz k\u00f6nnen sehr unterschiedlich sein, deswegen ist der Spezifische Ventilatorwiderstand nur bedingt aussagekr\u00e4ftig.<br \/>\nEin langes Kanalnetz und viele Einbauteile beeinflussen den SFP-Wert negativ.<\/p>\n<p><strong>Bewertung der Luftgeschwindigkeit:<\/strong><\/p>\n<p>Zur Analyse der Luftgeschwindigkeit ben\u00f6tigen Sie folgende Messwerte und Angaben:<\/p>\n<ul style=\"list-style-type: circle;\">\n<li>statische Druckdifferenz des Ventilators<\/li>\n<li>K-Wert des Ventilators<\/li>\n<li>Kanalabmessungen<\/li>\n<li>elektrische Leistungsaufnahme des Ventilators\u00a0 (f\u00fcr zus\u00e4tzliche Auswertungen)<\/li>\n<\/ul>\n<p>Bei Verwendung der ClimaCheck-Messtechnik erhalten\u00a0Sie folgende Auswertungen:<\/p>\n<ul style=\"list-style-type: circle;\">\n<li>Volumenstrom<\/li>\n<li>Massenstrom<\/li>\n<li>Luftgeschwindigkeit<\/li>\n<\/ul>\n<p><strong><img loading=\"lazy\" class=\"alignright size-full wp-image-225\" src=\"https:\/\/kuehlanalyse.de\/wp2018\/wp-content\/uploads\/Analyse5.png\" alt=\"\" width=\"181\" height=\"144\" \/>Messbeispiel:<\/strong><\/p>\n<p>Das\u00a0Messergebnis zeigt eine relative hohe Kanalgeschwindigkeit. Dies f\u00fchrt in diesem\u00a0Falle zu einer Einstufung in die Geschwindigkeitsklasse V7.<\/p>\n<p><strong>Hinweis:<\/strong>\u00a0V1 ist die beste Geschwindigkeitsklasse und V9 die schlechteste Geschwindigkeitsklasse.<\/p>\n<p><strong>Kontaktieren Sie uns.\u00a0<\/strong><\/p>\n<p>Die Firma K\u00fchlAnalyse ber\u00e4t Sie gerne bei der Bew\u00e4ltigung Ihrer messtechnischen Herausforderungen und bei der Optimierung Ihrer Anlagen.<\/p>\n","protected":false},"excerpt":{"rendered":"<p>Allgemein gesagt: Eine Analyse ist eine systematische Untersuchung. Die zu untersuchende Anlage\u00a0oder das\u00a0Ger\u00e4t, wird dabei entsprechend dem Auftrag gedanklich in&hellip;<\/p>\n","protected":false},"author":1,"featured_media":0,"parent":0,"menu_order":0,"comment_status":"closed","ping_status":"closed","template":"","meta":[],"_links":{"self":[{"href":"https:\/\/kuehlanalyse.de\/index.php\/wp-json\/wp\/v2\/pages\/108"}],"collection":[{"href":"https:\/\/kuehlanalyse.de\/index.php\/wp-json\/wp\/v2\/pages"}],"about":[{"href":"https:\/\/kuehlanalyse.de\/index.php\/wp-json\/wp\/v2\/types\/page"}],"author":[{"embeddable":true,"href":"https:\/\/kuehlanalyse.de\/index.php\/wp-json\/wp\/v2\/users\/1"}],"replies":[{"embeddable":true,"href":"https:\/\/kuehlanalyse.de\/index.php\/wp-json\/wp\/v2\/comments?post=108"}],"version-history":[{"count":5,"href":"https:\/\/kuehlanalyse.de\/index.php\/wp-json\/wp\/v2\/pages\/108\/revisions"}],"predecessor-version":[{"id":281,"href":"https:\/\/kuehlanalyse.de\/index.php\/wp-json\/wp\/v2\/pages\/108\/revisions\/281"}],"wp:attachment":[{"href":"https:\/\/kuehlanalyse.de\/index.php\/wp-json\/wp\/v2\/media?parent=108"}],"curies":[{"name":"wp","href":"https:\/\/api.w.org\/{rel}","templated":true}]}}